 Is g + 1 - (-5)/(10/132) composite?
False
Let j(a) = -262*a**3 - 11*a**2 - 18*a + 6. Let y be j(-6). Is (-1)/5 + y/50 a prime number?
False
Is 0/(96/(-12)) - -7177 a prime number?
True
Let q(f) = 13*f - 1 + 11*f - 9*f. Is q(4) a prime number?
True
Let j = -30 + 34. Suppose -j*l = 5*h - 3751, 0 = 2*h + 2*l - 1647 + 147. Is h a prime number?
True
Suppose 2*r + 4*u = -2, 5*u = 4*r - 6*r - 4. Suppose -r*s - l = -0*s - 5293, 3*s = -4*l + 5287. Is s a prime number?
False
Let q = 9413 + -6270. Is q a composite number?
True
Suppose 3*b - b = -3*t - 12, 0 = 3*b + 3*t + 12. Suppose -5*d + 10*u = 6*u - 26, -3*u - 9 = -2*d. Suppose -3*m = k - 1 - d, b = 4*k + 5*m - 56. Is k composite?
False
Let u = 95 + -99. Is 96 + -1*(u - -3) composite?
False
Let m(w) = w**3 - 5*w**2 + 4*w - 7. Let u be m(5). Suppose u*v - 64 = 9*v. Suppose -14*k + v*k = 826. Is k prime?
False
Let l(w) = 3*w**2 + 5*w + 1. Let t be l(-2). Suppose 4*c - 5*q = -c + 1130, -t*q = -2*c + 455. Is c a composite number?
False
Let t(v) = v**3 + v**2 - 3*v + 43391. Is t(0) composite?
False
Suppose 5*x + 2 = 4*x. Is -907*(1 - 1/2)*x a composite number?
False
Suppose -43164 = -15*z + 148521. Is z prime?
False
Suppose 0*b = 5*l + 2*b - 33818, 0 = -4*l + 3*b + 27059. Suppose -4*d - 5*i = -l, 3*i - 861 - 2519 = -2*d. Let c = d - 1175. Is c a prime number?
True
Is 2 + 2319 - 0/1 composite?
True
Let w be 1/(-3) - (-1642)/(-6). Is (w/3)/((-4)/30) a composite number?
True
Suppose -2*v - v + x = -3162, -x + 2113 = 2*v. Is v composite?
True
Suppose o + 5*j - 26 = -0*o, 0 = -4*o + 5*j - 21. Let a(s) = -o + 2*s + 5*s**2 + 0*s - 6 - 3*s. Is a(8) composite?
True
Suppose 21*f + 97956 = 57*f. Is f prime?
False
Suppose 5*i - 5113 = -978. Let d = i + -472. Is d a composite number?
True
Suppose 4*x = 3*b - 6*b + 5211, -3*x - 8714 = -5*b. Is b prime?
True
Suppose m - 2 - 3 = -3*z, 0 = 4*m - z - 20. Suppose m*f - 3*f = 32. Let h(u) = u**3 - 16*u**2 + 15*u - 1. Is h(f) composite?
False
Let z(j) = 495*j**2 + 5*j + 5. Let g be z(-1). Let n = 1488 - g. Is n a composite number?
True
Let l(m) = -134*m**3 - 2*m**2 - 3*m - 2. Let w be l(-1). Let r = w + 5482. Is r a prime number?
False
Let m be (61*78/18)/((-2)/12). Let f = 3319 + m. Is f a composite number?
False
Let d = -51 - -61. Suppose 0 = -d*v + 5*v + 34985. Is v prime?
True
Let x = 49021 + -17714. Is x a composite number?
False
Suppose -2*t + 3*t - 8981 = -2*z, 2*z - 8990 = -4*t. Is z a composite number?
True
Let p = 41 - 36. Suppose v = -5*h + 2227, -2227 = 2*v - 3*v + p*h. Is v a prime number?
False
Let p = -12633 + 19644. Is p/(-6)*(-6)/9 a prime number?
False
Suppose -a - 28 - 48 = -5*s, 2*a = 4*s - 62. Suppose -s = -5*w + 100. Suppose -3*n - 201 = -d + w, -816 = -4*d - 4*n. Is d a prime number?
False
Suppose 6828 = 7*t - 40499. Is t a composite number?
False
Suppose -y + 0*y + 4*d = -43, -5*d - 80 = -2*y. Suppose -4*m + 5*n = -14 - 51, -30 = -m + 4*n. Suppose b - 4*f = 3*b - m, -5*b + y = 5*f. Is b prime?
False
Suppose 4*u - 8464 = -4*u. Suppose -u = -5*s - 3*i, 3*s - 5*i - 205 = 457. Is s prime?
False
Is (15/((-60)/12632))/(-2) a composite number?
False
Suppose -3*q = l - 198485, 8*l + 198473 = 3*q + 3*l. Is q prime?
True
Let i(m) = -m**3 + 64*m**2 + 124*m - 158. Is i(51) prime?
True
Let k(r) = 2*r**3 - 5*r**2 - 4*r - 7. Let n be k(6). Suppose 0 = -3*u + 4*f - n + 24, -5*u + 5*f - 325 = 0. Let y = u - -152. Is y a prime number?
True
Let m(a) = -a**2 + 7*a - 5. Let g be m(6). Is (4/12)/(1912/(-1914) + g) prime?
False
Let f(n) = -7*n - 16. Let q be f(-3). Suppose -102 = q*k - 447. Is k a prime number?
False
Let a = 12265 - 6764. Is a composite?
False
Let t(b) = 77*b - 10. Suppose -u = 3*r + 2*u, r + 12 = -4*u. Is t(r) a prime number?
False
Let z = 3617 + 20414. Is z a composite number?
True
Let k be 3/((-24)/(-44)) + 1/2. Let x(r) = 32*r - 17. Let d(p) = -159*p + 84. Let q(b) = 2*d(b) + 11*x(b). Is q(k) prime?
False
Suppose 2708 = 17*t - 930. Is t composite?
True
Let i = 120069 - 28576. Is i composite?
False
Let s(d) = 256*d**2 + 11*d + 12. Is s(5) prime?
False
Let g(l) = -2*l**3 - 8*l**2 - 8*l - 7. Let m(a) = -a - 13. Let j be m(-7). Is g(j) prime?
False
Let p(o) = -10*o + 61799. Is p(0) a prime number?
False
Is (-94)/141 - 4786/(-6) a prime number?
True
Let s(v) be the third derivative of v**5/5 + v**3/6 + 6*v**2. Is s(-3) prime?
True
Suppose -w + 88903 = 5*c - 2*c, 2*w - 177838 = 2*c. Is w composite?
True
Let r = -70 + 75. Suppose r*f + 27 = 322. Is f prime?
True
Suppose 0 = -45*c + 47*c - 6178. Is c composite?
False
Suppose -15*o - 90 = -3135. Is o a composite number?
True
Let m(b) = 133*b**3 + 2*b + 1. Let u be m(-1). Let y = 0 - 2. Is (u/y)/((-1)/(-1)) a composite number?
False
Let n = 12903 - 8996. Suppose 0 = 5*g - 5*a - 4910, -g - 3*a + n = 3*g. Is g composite?
True
Let t(w) = 20*w**2 + 2*w - 1. Let j(v) = 39*v**2 + 4*v - 3. Let n(o) = -2*j(o) + 5*t(o). Is n(-5) composite?
False
Suppose -2*o + 6*o - 3*h - 9 = 0, 0 = o + 3*h + 9. Suppose -t = -o*t. Suppose -2*m = -4*p - 712 - 158, -4*p + 20 = t. Is m composite?
True
Let h(w) = 3*w**2 - 5*w + 8641. Is h(0) composite?
False
Suppose -2*v + 2*t = 1 - 3, 9 = v + t. Suppose -5*q - 5*w = -15, 7*q - v*q - 10 = 2*w. Is q - (-1 - (228 + 4)) prime?
False
Let k = -14887 - -8330. Let f = -3604 - k. Is f a composite number?
False
Suppose 0*r = 2*r - 4184. Suppose -8*h + 4*h = -r. Is h a prime number?
True
Suppose 8*w - 6*w = 122. Let a = 352 + -180. Let f = a + w. Is f a composite number?
False
Suppose -4*d - 3*f + 33845 = 0, -11280 = -3*d - f + 14100. Is d composite?
True
Suppose 0 = 2*c - 1148 - 3266. Suppose -8*o + c - 503 = 0. Is o a composite number?
True
Is 1/(-6) + (-457378)/(-276) prime?
True
Suppose -g + 4*y + 18 + 4 = 0, 5*y + 25 = 0. Suppose 5*q - 3199 = -g*q. Is q a composite number?
False
Suppose 5*s + 59 = -3*v, 6*v - 21 = 3*s + 3*v. Let n = s - -8. Is (n/1 + 51)/1 composite?
True
Suppose 61935 = 8*a - 179681. Is a a composite number?
True
Is (1704054/363)/((-3)/(-33)) a composite number?
True
Suppose 16 - 1 = 3*v. Let z(t) = v*t**2 - 6 + 15 + 5*t**3 - 8. Is z(4) prime?
True
Let u(c) = -9*c - 4. Let p(o) = 10*o + 4. Let l(m) = m - 8. Let b be l(5). Let j(k) = b*p(k) - 4*u(k). Is j(9) prime?
False
Let a be -4 + (-38)/4*2. Let h = a - -25. Suppose 3*g + h*g = 215. Is g a prime number?
True
Suppose 0 = 6*n - 3*n - 57. Suppose 0 = n*x - 48507 + 17138. Is x a composite number?
True
Is ((-3)/(30/214940))/((-4)/2) prime?
False
Suppose -p + 2*p = 4657. Is p prime?
True
Suppose 0 = -f - 5 + 4. Let b = f + 14. Let t = b + 18. Is t composite?
False
Let h = 37 + -28. Let y = 20 - h. Is y a prime number?
True
Let f be 1*3/6*6. Suppose f - 27 = -3*n. Suppose 0 = -n*a + 5*a + 471. Is a a composite number?
False
Let d = 2534 + 6987. Is d composite?
False
Suppose 0 = -12*x + 10*x + 4. Suppose -4*g = -3*a - 5915, -x*g + 3*a - 221 + 3174 = 0. Is g a composite number?
False
Suppose 0 = 5*i + 10, -k + 5*i + 33 - 11 = 0. Is 1876/k + (-4)/(-6) composite?
False
Suppose 15882 = 2*s - 3*x, -s + 7941 = 18*x - 16*x. Is s prime?
False
Let p be (428/6)/((-6)/18). Let i = 93 - p. Is i composite?
False
Suppose -45447 = -5*k + 2*k. Is k a prime number?
True
Let i be ((-36)/30)/((-9)/2460). Let r = -21 + i. Is r a prime number?
True
Suppose -3*t - 6*b = -b - 1224, 3*t - 3*b = 1248. Suppose -5*a = x - t, -4*a - 3*x + 77 = -3*a. Is a composite?
False
Let m = 4 - 4. Let h be 2*2*(m + 1). Suppose -r - h = 1, -5*r = -4*s + 653. Is s composite?
False
Let r = -6 + 1. Let j = -2 - r. Suppose n = 4*z + 101, j*z + z = -5*n + 481. Is n prime?
True
Let i(l) = -l**3 + 15*l**2 - 23*l + 3. Let a be i(12). Is (a/12)/(5/220) prime?
False
Suppose 226 = 3*i - 5*v + v, -i = -3*v - 72. Let w = 269 - i. Is w a composite number?
False
Suppose -4*v + 1050 = -s, -v - 5*s + 253 = -10*s. Suppose -2*f = -3 - v. Is f a composite number?
True
Let z = -5 - -3. Is z/3*45/10 - -586 prime?
False
Let s(q) = 18*q**2 + 144*q - 11. Is s(9) a composite number?
True
Suppose 4*d + 0 = -3*l - 4, 4*d + 4 = -4*l. Suppose 5*m + 190 + 115 = l. Let q = m + 228. Is q composite?
False
Let g be (-2)/(-12) + ((-177)/(-18) - 6). Is g - 4 - 1/((-1)/469) composite?
True
Let n(z) = -635*z + 336. Is n(-27) a composite number?
True
Suppose 28 = 4*g - 2*g + 2*h, -5*h + 25 = 0. Let y(q) = q + 